 = 50 - 34. Calculate the remainder when i is divided by ((-6)/(-3) - -5) + -2.
1
Suppose 2*i + 2 + 5 = -5*h, -3 = 3*i. What is the remainder when 3 is divided by (5/(-10))/(h/4)?
1
Let m = -394 - -410. What is the remainder when 268 is divided by m?
12
Suppose 2 + 2 = 4*f. Calculate the remainder when 72 - 2*(f - 2) is divided by 19.
17
Suppose 7*l - 5*l - 5*o - 169 = 0, 2*l = o + 149. What is the remainder when l is divided by (-2 + 0)*(-19)/2?
15
Let k = -2 - 7. Let o = k - -1. What is the remainder when 67 is divided by -2*(68/o + 0)?
16
Let v = -37 - -39. What is the remainder when (-5 + 4)/(150/(-74) + v) is divided by 13?
11
Suppose -5*p - 39 = -4*o, 4*o = -o - p + 27. Suppose 4*z = -4*d + 40, 5*z - 4*d + 0*d = 5. Suppose z = c - o. What is the remainder when 30 is divided by c?
8
Suppose -4*t = 6*t - 40. Suppose -3*x - t*o + 82 = -x, 0 = 4*x + 2*o - 194. Calculate the remainder when x is divided by 18.
15
Suppose 2*l = -25*j + 21*j + 194, j - 2*l - 46 = 0. What is the remainder when j is divided by 1?
0
Let b(n) = -n**2 + n + 2. Let d be b(-1). Suppose 4*x - 86 - 74 = d. Calculate the remainder when x is divided by 15.
10
Let c(g) = 88*g**2 - 9*g - 1. What is the remainder when c(-1) is divided by 9?
6
Suppose -y - 12 = -7*y. Suppose 2*a = -4*n + 14, 4*n + 31 = a + y*a. Calculate the remainder when 23 is divided by a.
5
Suppose 6*s - 24 = 210. Suppose 2*y = -3*y + 65. Let m = y + -3. What is the remainder when s is divided by m?
9
Let c = -1 - 0. Let b = 670 + -663. What is the remainder when b is divided by (4/(-6))/(c/6)?
3
Suppose 799 = 52*r - 5*r. What is the remainder when 1628 is divided by r?
13
Let v(u) = u**2 + 7*u + 8. Let t be v(-7). Suppose -3*s = -4 - t. What is the remainder when 2/17 + (-770)/187 + 11 is divided by s?
3
Let k(w) = 46*w**2 - 55*w - 115. What is the remainder when k(-2) is divided by 14?
11
Let v = 1745 + -1613. What is the remainder when 386 is divided by v?
122
Let x = -546 - -562. What is the remainder when 332 is divided by x?
12
Let p be 1826/33 + 6/9. Let m = p + 25. What is the remainder when m is divided by 14?
11
Suppose -15 = -0*g - 3*g. Let o = -132 - -253. Suppose m - 27 = -4*t, g = 4*m - 2*t - o. What is the remainder when m is divided by 16?
15
Let c be 4/(-12) + (-14)/6*-1. Suppose n = c*m, 5*n - 10 - 8 = 4*m. Calculate the remainder when 11 is divided by n.
5
Let l = -85 + 272. Suppose 3*y - 298 = -4*j, -5*j = -0*y + 2*y - l. Suppose y = -4*m + 6*m. Calculate the remainder when m is divided by 18.
17
Suppose -4*u - 8*b + 5*b = -127, -4*b = 5*u - 160. Calculate the remainder when u is divided by 10.
8
Suppose -t + 2*n - 3 = 0, 3*t + 4 = 4*n + 1. Suppose -t*c - 4*c + 217 = 0. Calculate the remainder when 122 is divided by c.
29
What is the remainder when 52 is divided by (-1 - -4)/(1/(9 - 4))?
7
Let x be 3/24 + 21/24. Let b(f) = -2*f. Let d be b(x). What is the remainder when (-4 - d) + 40 + -1 is divided by 10?
7
Let n(q) = -46*q - 16. Let a be n(-4). Suppose 4*y + 4*w + 0*w = a, 0 = -3*y - 5*w + 134. Calculate the remainder when y is divided by 13.
12
Let q = 983 + -720. What is the remainder when q is divided by 67?
62
Suppose -34 = -5*s + 3*i + 60, 2*i = 5*s - 96. Calculate the remainder when 42 is divided by s.
2
Let u(q) = 2*q + 1. Let k be u(0). Calculate the remainder when 12 is divided by (-9)/(0 - k) - 4.
2
Let h = -54 + 55. What is the remainder when (h + 16)*(-2 + 3) is divided by 5?
2
Suppose 4*g - 4*u - 88 + 20 = 0, 5*u + 25 = 2*g. What is the remainder when 199 is divided by g?
19
Let b(n) = -n**2 + 10*n + 8. Let j be (5/5)/((-3)/(-24)). What is the remainder when (-1)/(-4) + (-374)/(-8) is divided by b(j)?
23
Let v = -9 - -7. What is the remainder when (v - -1) + 22 - 2 is divided by 5?
4
Let y = 366 - 307. What is the remainder when y is divided by 12?
11
Suppose 2*y - 3*x = 105, 89 = 3*y + 3*x - 106. What is the remainder when y is divided by 37?
23
Suppose -3*d = -48 - 6. Suppose 5*n - 152 = -8*x + 4*x, -n + 169 = 5*x. Calculate the remainder when x is divided by d.
15
What is the remainder when 378 is divided by (41 - -16)*(-1)/(-3)?
17
Let g(s) = s**2 + 9*s - 27. Let z be g(-12). What is the remainder when (-6)/z*-56 - 4/(-6) is divided by 10?
8
Suppose -j - 8 = l + 3*j, 4*l + 5*j + 21 = 0. Let m(w) = -w**3 - 3*w**2 + w + 9. What is the remainder when m(l) is divided by 12?
9
Let b = -146 + 167. What is the remainder when 50 is divided by b?
8
Let m = -851 + 1343. Calculate the remainder when m is divided by 45.
42
Suppose 43*p - 48 = 39*p. Calculate the remainder when 34 is divided by p.
10
Let i = 32 - 27. Suppose -32 = -j - 5*x - 5, -4*j - x + 13 = 0. Suppose -88 = -i*r + j. What is the remainder when r is divided by 7?
4
Suppose -1929 = 25*l - 5179. What is the remainder when l is divided by 6?
4
Let a be 1/(-4) - (-266)/8. Let g be 5*(-3)/(45/(-66)). Suppose -3*l - 5*q = -5 - a, 2*l + 5*q = g. What is the remainder when 45 is divided by l?
13
Let w be (-21)/(-12) + 2/8. Let m be (-19 + -2)/(-1) - w. Suppose -m = -2*o + 37. Calculate the remainder when 83 is divided by o.
27
Let q(f) = 32*f + 176. Calculate the remainder when 141 is divided by q(-4).
45
Let q be 58/12 - (-3)/18. Let k = 1 + q. Let j = -3 - -24. Calculate the remainder when j is divided by k.
3
Let k = -352 - -383. What is the remainder when 69 is divided by k?
7
Let l = 5 + 0. Suppose -l*y = 2*z + 11, 4*y - 1 = -2*z - 11. What is the remainder when 42 is divided by -2*11*y/2?
9
Suppose -3*r + 2*t + 108 = 0, -3*t + t = 0. Let z be 1/(-4) - 516/(-16). Let q = -22 + z. Calculate the remainder when r is divided by q.
6
Suppose 0 = 2*m - 26 - 18. Calculate the remainder when m is divided by 7.
1
Let v(a) = a**3 - 4*a**2 - 7*a - 4. Suppose 10 = 5*b, i + 20*b - 17*b - 105 = 0. Calculate the remainder when i is divided by v(6).
21
Calculate the remainder when (501/12)/((-11)/(-44)) is divided by 28.
27
Let p be 4/10 + (-189)/(-15). Let v = p + -32. Calculate the remainder when 107 is divided by -4 + 8 - (v + 1).
19
Suppose -4*y + 18 + 34 = 0. Let r = -39 - -61. Calculate the remainder when r is divided by y.
9
Suppose -16 = -19*n + 15*n. Let h(z) = z**3 + 7*z**2 + 4*z + 6. Let u be h(-6). Calculate the remainder when 22/4 - (-9)/u is divided by n.
2
Let c(l) = -l**2 + 2*l + 13. Calculate the remainder when 92 is divided by c(4).
2
Let f = 15 + 0. Let d be 6/(-9) + (-3218)/(-3). Calculate the remainder when d/40 - (-2)/10 is divided by f.
12
Let b(o) = 51*o**3 + o**2. What is the remainder when b(1) is divided by -11*2*(-4)/8?
8
Let d = 104 - 103. Let a(k) = 5*k**2 - 2*k + 3. Suppose -15 - 67 = -4*u - 2*g, -4*g = -u + 43. Calculate the remainder when u is divided by a(d).
5
Let g(m) = 2 + 51*m**2 - 48*m**2 + 5*m - 18 + m. Calculate the remainder when g(-6) is divided by (-8)/12 - (-118)/6.
18
Suppose -t - t = -30. Let q(g) = -g**3 + 6*g**2 - 6*g + 4. Let v be q(4). Calculate the remainder when 3/v + (-462)/(-8) is divided by t.
13
Let r be (-879)/2*(-28)/(-42). Let q = 454 + r. Calculate the remainder when q is divided by 41.
38
Let t = -35 - -35. Suppose t = 2*r - 81 - 125. What is the remainder when r is divided by 15?
13
Let u = 16 + -12. Calculate the remainder when (9 + -1 + 4)/(-1 - -3) is divided by u.
2
Suppose -6*a = -4*a - 8. Suppose 2*k + 3*k - 120 = -5*v, -2*k = a*v - 94. Calculate the remainder when 89 is divided by v.
20
Let f = -221 - -237. What is the remainder when 207 is divided by f?
15
Let k = 32 + -32. Suppose 0 = 5*i - 3*j - 267, 5*i - j - j - 268 = k. Calculate the remainder when i is divided by 14.
12
Suppose -2*h = -3*h + 3*a + 20, -154 = -5*h - 3*a. Let b = h - 18. Let t = -102 + 105. What is the remainder when b is divided by t?
2
Let j = 18 - 4. Suppose 0 = 30*o - 1651 - 1229. What is the remainder when o is divided by j?
12
Let n = 534 - 157. Calculate the remainder when n is divided by 7.
6
Let z = -330 - -340. Calculate the remainder when 36 is divided by z.
6
Suppose 4*k - 18 = 2*i, 2*k - 8*i = -9*i + 15. Let t be (1 + 2/(-4))*0. What is the remainder when 10 is divided by (-3)/k*(t + -6)?
1
Suppose -15 = -7*r + 76. Calculate the remainder when 1167 is divided by r.
10
Suppose 4*v - 3*h = 1057, 5*v + 15*h = 19*h + 1320. What is the remainder when v is divided by 17?
13
Calc